by f.
18
Let q(z) = -11*z + 337. What is the remainder when q(10) is divided by 19?
18
Let h be -4 - -3*4 - -4. Let l = h - -29. Calculate the remainder when 122 is divided by l.
40
Suppose -32*t = -35*t + 141. What is the remainder when t is divided by 11?
3
Let n(c) = -3*c**3 + 18*c**2 - 10*c + 18. What is the remainder when 298 is divided by n(5)?
40
Suppose -567 = -23*y - 4*y. Calculate the remainder when 104 is divided by y.
20
Let l(c) = c**2 - 2*c - 7. Calculate the remainder when l(-11) is divided by 29.
20
Let t = 33 - -62. What is the remainder when t is divided by ((-6)/(-2))/((2/(-8))/((-8)/3))?
31
Let x(s) = 3*s**2 - 23*s + 44. What is the remainder when x(10) is divided by 24?
18
Suppose -1591 = -50*h - 17*h + 84. Let q = 66 - 19. What is the remainder when q is divided by h?
22
Suppose 119 = -6*u - u. Calculate the remainder when (24 - u) + 0 + 2 + 1 is divided by 12.
8
Suppose -3*l - 3*m + 7*m = -8, -11 = -l + 3*m. Let g(w) be the second derivative of -5*w**3/6 - 3*w**2 - w. Calculate the remainder when 27 is divided by g(l).
13
Suppose 0 = -12*y + 7*y + 4360. Suppose 9*j - 190 = y. Calculate the remainder when j is divided by 30.
28
Suppose -143*a = -146*a + 225. What is the remainder when a is divided by 27?
21
Let o(i) = 2*i**2 - 7*i - 67. What is the remainder when o(-7) is divided by 25?
5
Let p = 277 - 252. What is the remainder when 171 is divided by p?
21
Let v(x) = 2*x**3 - 49*x**2 - 18*x - 34. What is the remainder when v(25) is divided by 47?
0
Suppose c + 3*c - d - 259 = 0, -2*d - 323 = -5*c. Let g = -53 + c. What is the remainder when 21 is divided by g?
9
Suppose 5*a + 3 = -l, 0 = -4*a - 10 - 6. Let v = l + -7. Calculate the remainder when (2 + -1 + 18)*1 is divided by v.
9
Let m(h) = -160 + 2*h - 2*h + 3*h**2 + 188 - 2*h. Calculate the remainder when 164 is divided by m(0).
24
Let g be (-4)/(-6) + 20/6. Calculate the remainder when (4/5)/(g/10) is divided by (-1 - -6)*((-2)/5)/(-1).
0
Let s(h) = h**2 - 15*h. Let g be 0 + 0 + 6 + 10. Suppose 3*b = -b + 120. What is the remainder when b is divided by s(g)?
14
Let d = 309 - 213. What is the remainder when d is divided by 4?
0
Let v(w) = 2*w**2 - 10. Let u be v(6). Let y = u - 35. Calculate the remainder when 106 is divided by y.
25
Suppose 2*j = -v + 10, -2*j + j - v + 3 = 0. Suppose 0 = j*z - 6*z - 130. Calculate the remainder when z is divided by 33.
31
Let t be 6/(-27) - 760/(-18). Suppose 0 = -d + 22 - 59. Let q = t + d. Calculate the remainder when 18 is divided by q.
3
Let h(l) be the third derivative of -l**6/120 - l**5/15 - l**4/8 + 4*l**3/3 - 19*l**2. What is the remainder when 78 is divided by h(-4)?
18
Suppose 6*f - 2*t = f + 29, -3*f - 5*t = -5. Suppose -f*u = -s - 3*s - 19, 4*u = -s + 11. What is the remainder when u is divided by 1?
0
Suppose 5*w - 19 = 6. Suppose 5*k - k + 8 = 4*s, -5*k - w = -4*s. Calculate the remainder when 4*(9/(-6))/(-1) is divided by k.
0
Let d = -872 - -875. Calculate the remainder when 3*(1 - -1)*1 is divided by d.
0
Suppose 3*l + 7*h - 10*h = 387, -10 = -2*h. What is the remainder when 270 is divided by l?
2
Suppose -7*h = 51 - 9. Let j(y) = -9*y + 9. Let w be j(h). Let x = 120 - w. What is the remainder when x is divided by 20?
17
Let o(a) = -a**3 + 11*a**2 + 11*a + 15. Let q be o(12). Suppose 4*x + 30 = u, 2*u - q*x - 60 = -2*x. Calculate the remainder when u is divided by 11.
8
Let r(d) = -d**3 - 5*d**2 - 6*d - 6. Let b be r(-4). Let z = 13 + b. Let n(s) = 2*s**2 - 3*s + 3. Calculate the remainder when n(6) is divided by z.
12
Let z(p) = 2 - p**2 - 6*p + 1 - 7 - 1. Let l be z(-5). Suppose -2*g + 170 - 46 = l. Calculate the remainder when g is divided by 16.
14
Suppose 13 = -5*l + 33. Suppose 0 = g + g + 2*c - 18, 34 = l*g + 5*c. Let i = g - 5. Calculate the remainder when i is divided by 4.
2
Suppose 4*f - 102 = 7*f. Let c = -18 - f. What is the remainder when c/40 + 256/10 is divided by 7?
5
Let f = -1240 + 2832. Calculate the remainder when f/32 + 6/(-8) is divided by 13.
10
Let s(i) = i + 37. Let k be s(24). Suppose -4*z + k + 55 = 0. What is the remainder when z is divided by 11?
7
Calculate the remainder when (-47)/(-2) + (-2)/4 is divided by (-9)/36*4 - -9.
7
Suppose 4*u - 193 = 75. Suppose -3*f + 26 = j, -2*j + f = 2*f - u. Suppose -4*z - 86 = -5*i, 0 = -3*z + z + 2. Calculate the remainder when j is divided by i.
17
Let t = -20 + 29. Let f be (12/10)/(t/30). Suppose -3*s + 4*g - 7 = 0, -3*s - s + 4*g = f. What is the remainder when 4 is divided by s?
1
Let x be (-1 + 2 + -1)*4/8. Suppose x = 11*w - 101 - 1032. Calculate the remainder when w is divided by 35.
33
Suppose -h = 5, 4*q - 3*h + 30 - 69 = 0. Suppose -5*a + 235 = 3*n - 5*n, -3*a + 2*n = -145. Suppose 4*b - a = -b. What is the remainder when b is divided by q?
3
Let w be (0 + 2 - 2) + (8 - 75). Let z = -62 - w. What is the remainder when z is divided by 4?
1
Suppose 34*z = 40 + 62. Calculate the remainder when 22 is divided by z.
1
Suppose -3*i = -l + 57, i + 32 = -18*l + 14*l. Let v be (-31)/(-1)*(-1 + 2). Let b = i + v. Calculate the remainder when 18 is divided by b.
7
Let b(l) = l - 1. Let q(f) = 3*f + 1. Let j(w) = b(w) + q(w). Calculate the remainder when 31 is divided by j(2).
7
Suppose 0 = 2*p - 4*d - 22, -p - 7 = 5*d - d. Suppose 5 = p*j + 3*t - 2*t, 4*t = j + 20. Suppose j*o - o = -7. Calculate the remainder when 11 is divided by o.
4
Let m(i) = 5*i + 133. Let b = 15 + -2. What is the remainder when m(-22) is divided by b?
10
What is the remainder when (0/(-4) - -5) + 121 is divided by 37?
15
Let f be 2/(4/(-10) + 0). Let r(j) = -j**3 - 5*j**2 - 5*j - 11. Calculate the remainder when 27 is divided by r(f).
13
Let t = 10 + -11. Let o be ((t - -1) + -1)/1. Calculate the remainder when 1017/18 - o/2 is divided by 15.
12
Let y = -316 - -337. Calculate the remainder when 480 is divided by y.
18
Suppose 32*u = 1350 + 666. What is the remainder when u is divided by 5?
3
Let a(w) = 43*w**2 + 2*w. Suppose -5 = b + 4*b. Calculate the remainder when a(b) is divided by 6.
5
Let j(d) = 29*d**3 - d. Let k be j(-1). Let q = -7 - k. What is the remainder when 83 is divided by q?
20
Suppose 18*h - 22*h = -8684. Suppose 0 = 14*v - v - h. What is the remainder when v is divided by 24?
23
What is the remainder when 124/(-4)*(-5 + 3 - -1) is divided by 18?
13
Let w = 286 - 203. Calculate the remainder when w is divided by 5/1 - (-7 - -13 - 22).
20
Let d be 3/2*(-2 - (-16)/3). Suppose -d*w + 79 = -61. Suppose -j + 328 = 3*j. What is the remainder when j is divided by w?
26
Suppose 0 = 5*b + a - 274, -3*b - a + 162 = 2*a. What is the remainder when b is divided by 6/(-10) - 1144/(-40)?
27
Let v(x) = x**3 + 1. Let t(s) = -s**3 + 5*s - 10 - 5*s**2 - s**3 - 5*s**3. Let z(r) = t(r) + 6*v(r). Calculate the remainder when 5 is divided by z(-6).
1
Let c(y) = y**3 - 5*y**2 - 6*y. Let i be c(6). Suppose 4*h - 6*h + 32 = i. Suppose -w - 2*w = -135. What is the remainder when w is divided by h?
13
What is the remainder when ((-2178)/12 + -7)*(-6 + 2) is divided by 84?
82
Let h(j) = -4*j**3 + 2*j**2 - j - 1. Let m = 1 + -3. Calculate the remainder when h(m) is divided by 0 + -5*(-8)/4 - -1.
8
Suppose -2*w + 8 = -26. Suppose 4*u = 4*q - 240, 4*q - 12*u - 222 = -17*u. Calculate the remainder when q is divided by w.
7
Suppose 0 = -4*t - 2*o - 3 + 17, 0 = 3*t + 5*o - 14. Suppose -23*d + 465 - 171 = -2*d. Calculate the remainder when d is divided by t.
2
Suppose 2180 + 64 = 34*q. Calculate the remainder when 143 is divided by q.
11
Suppose 9*i + 392 = 1202. What is the remainder when i is divided by 32?
26
Let g = -134 - -190. Calculate the remainder when g is divided by 20.
16
Let f = -24 - -33. Suppose -7*p - 30 = -f*p. Suppose -5*n + p = -135. What is the remainder when 118 is divided by n?
28
Suppose -5*u = 5*t, -u - 16 = -5*t - 4. Suppose -j - t*j = 5*o - 100, -o + 2*j = -33. Let p = 34 + -21. What is the remainder when o is divided by p?
10
Calculate the remainder when (11 - 5 - 7)/1*-30 is divided by 46/6 + 2/6.
6
Let a(k) = -k + 27. Let u be a(19). Suppose u*i = 7*i + 3. Calculate the remainder when 14 is divided by i.
2
Let p(h) = -2*h**2 + h + 14. Let r be p(-8). Let t = 128 + r. Suppose 6*a = 4*a + 58. Calculate the remainder when a is divided by t.
5
Suppose -561 + 124 